ighest common divisor of 253 and 11.
11
Calculate the highest common factor of 36 and 4572.
36
What is the highest common factor of 96 and 608?
32
What is the highest common divisor of 88 and 121?
11
Calculate the greatest common factor of 440 and 2860.
220
What is the greatest common divisor of 300 and 36?
12
What is the greatest common factor of 225 and 325?
25
What is the greatest common factor of 76 and 114?
38
What is the highest common divisor of 2 and 878?
2
What is the highest common factor of 3164 and 113?
113
What is the greatest common divisor of 40 and 72?
8
What is the highest common factor of 6715 and 68?
17
Calculate the highest common factor of 22 and 6974.
22
Calculate the highest common factor of 9 and 2169.
9
Calculate the greatest common factor of 8704 and 34.
34
Calculate the highest common divisor of 16 and 2.
2
What is the highest common divisor of 31110 and 366?
366
What is the highest common factor of 782 and 697?
17
What is the highest common divisor of 260 and 100?
20
Calculate the greatest common divisor of 35 and 1085.
35
What is the highest common factor of 45927 and 189?
189
Calculate the greatest common divisor of 75 and 1875.
75
What is the greatest common divisor of 57 and 57?
57
Calculate the greatest common factor of 68 and 3485.
17
Calculate the greatest common factor of 972 and 6.
6
What is the greatest common divisor of 1079 and 166?
83
Calculate the highest common divisor of 64 and 8.
8
What is the highest common factor of 75068 and 49?
49
Calculate the highest common factor of 44 and 2376.
44
What is the greatest common divisor of 146 and 2?
2
What is the highest common divisor of 7141 and 74?
37
What is the greatest common factor of 407 and 37?
37
What is the greatest common factor of 1120 and 35?
35
Calculate the highest common factor of 11 and 1562.
11
Calculate the greatest common divisor of 432 and 1998.
54
Calculate the highest common factor of 472 and 59.
59
Calculate the greatest common factor of 316 and 1027.
79
Calculate the highest common factor of 4740 and 140.
20
What is the highest common factor of 728 and 32?
8
What is the highest common divisor of 117 and 975?
39
What is the highest common factor of 37 and 629?
37
What is the highest common divisor of 81 and 1116?
9
Calculate the greatest common factor of 2124 and 12.
12
What is the greatest common factor of 989 and 23?
23
What is the greatest common factor of 232 and 31784?
232
Calculate the greatest common factor of 2175 and 696.
87
What is the highest common divisor of 11761 and 95?
19
Calculate the greatest common factor of 77 and 308.
77
What is the greatest common divisor of 1829 and 62?
31
Calculate the highest common divisor of 16 and 32.
16
What is the highest common factor of 845 and 14027?
169
Calculate the highest common divisor of 197 and 25216.
197
What is the highest common factor of 21215 and 5?
5
Calculate the greatest common divisor of 4588 and 248.
124
Calculate the greatest common divisor of 892 and 12.
4
What is the highest common factor of 102 and 768?
6
What is the highest common factor of 260 and 101920?
260
What is the highest common divisor of 427 and 7?
7
What is the greatest common divisor of 1407 and 21?
21
Calculate the highest common factor of 54 and 2214.
54
What is the greatest common divisor of 8203 and 13?
13
What is the greatest common factor of 533 and 164?
41
What is the greatest common factor of 21 and 2625?
21
What is the highest common factor of 1140 and 180?
60
What is the highest common factor of 221 and 697?
17
Calculate the greatest common factor of 69 and 1173.
69
Calculate the highest common divisor of 2501 and 328.
41
What is the highest common divisor of 649 and 44?
11
Calculate the greatest common factor of 10 and 3130.
10
Calculate the highest common factor of 8 and 36104.
8
What is the greatest common divisor of 68 and 16?
4
What is the highest common factor of 136 and 731?
17
Calculate the highest common factor of 165 and 264.
33
What is the greatest common divisor of 5 and 5905?
5
Calculate the greatest common divisor of 266 and 114.
38
What is the highest common divisor of 27 and 717?
3
Calculate the greatest common divisor of 4698 and 58.
58
What is the highest common factor of 8 and 14072?
8
Calculate the greatest common divisor of 75 and 175.
25
What is the greatest common factor of 11 and 3223?
11
Calculate the highest common factor of 1417 and 13.
13
Calculate the highest common factor of 710 and 10.
10
What is the highest common divisor of 29 and 986?
29
What is the greatest common factor of 5109 and 312?
39
Calculate the greatest common divisor of 8 and 1304.
8
What is the greatest common divisor of 448 and 1512?
56
Calculate the highest common factor of 8 and 212.
4
Calculate the highest common factor of 182 and 78.
26
What is the highest common factor of 52 and 416?
52
Calculate the highest common divisor of 64 and 1024.
64
What is the greatest common factor of 430 and 2752?
86
What is the highest common factor of 640 and 10?
10
What is the greatest common divisor of 476 and 140?
28
What is the highest common factor of 147 and 4347?
21
Calculate the highest common factor of 30 and 1160.
10
What is the greatest common factor of 675 and 25?
25
What is the greatest common divisor of 18 and 63?
9
Calculate the greatest common divisor of 195 and 117.
39
What is the highest common factor of 126 and 868?
14
Calculate the greatest common divisor of 1275 and 102.
51
What is the highest common factor of 26 and 143?
13
Calculate the highest common divisor of 762 and 635.
127
Calculate the highest common divisor of 133 and 21.
7
Calculate the highest common divisor of 350 and 1190.
70
What is the greatest common divisor of 180 and 12?
12
What is the greatest common factor of 42 and 8778?
42
Calculate the greatest common factor of 201 and 84.
3
What is the greatest common factor of 3740 and 1320?
220
What is the highest common divisor of 30 and 7122?
6
Calculate the highest common factor of 328 and 41820.
164
Calculate the highest common factor of 375 and 195.
15
What is the greatest common divisor of 9 and 333?
9
Calculate the highest common factor of 1178 and 228.
38
Calculate the highest common factor of 464 and 16.
16
What is the highest common divisor of 94 and 50?
2
What is the highest common factor of 290 and 19430?
290
Calculate the greatest common factor of 148 and 2.
2
Calculate the highest common factor of 2280 and 7125.
285
Calculate the greatest common divisor of 15836 and 444.
148
What is the greatest common factor of 3435 and 15?
15
What is the greatest common divisor of 41 and 68183?
41
What is the highest common divisor of 18 and 126?
18
Calculate the highest common factor of 413 and 118.
59
What is the greatest common factor of 1591 and 43?
43
What is the highest common divisor of 3 and 6309?
3
What is the greatest common divisor of 135 and 189?
27
Calculate the greatest common factor of 90 and 180.
90
Calculate the highest common divisor of 106 and 8.
2
Calculate the highest common divisor of 22 and 13046.
22
Calculate the greatest common factor of 28 and 8092.
28
Calculate the greatest common factor of 18 and 342.
18
What is the highest common divisor of 841 and 29?
29
Calculate the greatest common divisor of 18 and 216.
18
Calculate the highest common factor of 42 and 6300.
42
Calculate the highest common factor of 71 and 30672.
71
Calculate the greatest common divisor of 70 and 14.
14
What is the greatest common factor of 11 and 18942?
11
Calculate the greatest common factor of 126 and 70.
14
What is the highest common factor of 16 and 32?
16
Calculate the highest common factor of 6028 and 88.
44
Calculate the greatest common divisor of 2050 and 200.
50
Calculate the greatest common divisor of 69 and 4278.
69
What is the highest common divisor of 416 and 18?
2
Calculate the highest common divisor of 1363 and 58.
29
What is the greatest common divisor of 8 and 118?
2
What is the greatest common factor of 2373 and 1921?
113
Calculate the highest common divisor of 2629 and 717.
239
Calculate the highest common divisor of 165 and 6325.
55
Calculate the highest common divisor of 4683 and 21.
21
Calculate the highest common factor of 689 and 494.
13
What is the highe